 - 2*j + 4. What is the tens digit of n(x)?
1
Let k(j) = -j**2 - 12*j + 1. Let i = -7 + 11. Suppose i*g = 3 - 47. What is the tens digit of k(g)?
1
Let c = 5 + -7. Let w be (-15)/10*c/3. Suppose 0 = -s - 4 + w, 4 = d - s. What is the units digit of d?
1
What is the units digit of (-1045)/22*16/(-10)?
6
Let t(z) = z - 2. Let g be t(6). Suppose 3*p - 2*p - 10 = 4*d, g*p - 18 = 5*d. What is the units digit of p?
2
Suppose -5*i + 25 = -0*i. What is the units digit of i - (0 + -5 - -3)?
7
Suppose 5*i - i = -24. Let a be (-3)/((i/(-68))/(-1)). Suppose a + 6 = 4*p. What is the tens digit of p?
1
Let h = 11 + -8. Let u(s) = -2*s**3 - h + 2*s + 3 - 2 - 4*s. What is the units digit of u(-2)?
8
Let s(t) = -2*t - 1. Let r = -5 - -3. Let m be s(r). Let u = 1 + m. What is the units digit of u?
4
Let n = 127 - -121. What is the units digit of (1 - 0)/(8/n)?
1
Let u be (-322)/(-8) - (-21)/28. Suppose 3*m = u - 5. What is the tens digit of m?
1
Let r(w) be the second derivative of w**4/12 - 2*w**3/3 - 4*w**2 + 2*w. What is the units digit of r(6)?
4
Let f be 1*2*9/(-2). Let r = f + 22. What is the tens digit of r?
1
Suppose 4*p - 16 = 0, -5*p + 32 = 6*l - 2*l. Suppose 0*s = -4*s - 2*g + 66, l = 3*g. What is the tens digit of s?
1
Let k = 2 - -24. What is the units digit of k?
6
Let q = -27 + 112. What is the units digit of q?
5
Suppose -34 = -3*w - 13. Let u(s) = s**2 - 6*s - 4. What is the units digit of u(w)?
3
Let b(a) = 3*a + 2. Let y be b(-4). Let x = 11 + 5. Let l = y + x. What is the units digit of l?
6
What is the units digit of -1 + 2 + 1 - (1 - 42)?
3
Suppose 4*g = j + 100, 7*j - 150 = -5*g + 2*j. What is the tens digit of g?
2
Let q = 140 - 42. What is the units digit of q?
8
Let m = 6 + -1. Suppose -2*o = 10, 2*g - m*g - o = 2. What is the units digit of 2/2 + 7 + g?
9
What is the units digit of (-9)/2*(-8 - -6)?
9
Suppose 3*m = -c - 0*c, -38 = -5*c + 4*m. Let b = c - 12. Let u = 2 - b. What is the units digit of u?
8
Suppose 0 = -4*s - u + 169, -4*u - 2 = 10. What is the tens digit of s?
4
Let h(o) = -o**2 - 7*o - 1. Let a be h(-6). Suppose a*j - 36 = -1. What is the units digit of j?
7
Let u = -8 + 4. Let f = 6 + u. Suppose 5*j + 5*n - f*n = 30, 3*n + 15 = 0. What is the units digit of j?
9
What is the units digit of (-4)/8 - 26/(-4)?
6
Suppose -2*l + 3 + 1 = 0. Let y(w) = 2*w**2 - 4*w + 2. Let j be y(l). Suppose 8 = g + j. What is the units digit of g?
6
What is the tens digit of (1 + -15)*-9*(-3)/(-6)?
6
Let q(t) = -3*t - 1. Let g be q(-2). Suppose 30 = 5*z + 2*o - 3*o, -15 = 2*z + g*o. Suppose z*n = -4*j + 79, 7*j - 3*j + 16 = 0. What is the units digit of n?
9
Let z(l) be the first derivative of l**3/3 - 3*l**2 - 10*l - 2. Let r be z(7). What is the units digit of (-64)/(-12) + 1/r?
5
Let x(w) = 3*w**2 - 9*w - 55. What is the units digit of x(-9)?
9
Suppose -2*m - 7*y + 2*y - 5 = 0, -3*y = 5*m + 3. Let b = m + 3. What is the units digit of 6 + 2 + -1 + b?
0
Suppose 0 = q - 2*q + 6. Let n(i) = 7 - 5*i - i - i**2 + 11*i. What is the units digit of n(q)?
1
What is the units digit of 1 + -1 + 63 + -9?
4
Let x(j) = -j**2 - 11. Let d be x(0). What is the units digit of (-2)/d + 450/66?
7
Let y be (-468)/(-30) + (-2)/(-5). Let i = -4 + y. What is the tens digit of i?
1
What is the tens digit of 4*(-149)/(-4) + 2?
5
Let p be (-27113)/(-5) - 16/(-40). What is the units digit of (-4)/(-18) + p/99?
5
Let z be 4/6 - 6/9. Suppose -2*p - 2*p + 40 = z. Let o = p + -4. What is the units digit of o?
6
Let w be 44/(-20) + (-1)/(-5). Let o(y) = 4*y**2 - 2*y - 3. What is the tens digit of o(w)?
1
Let w(l) be the second derivative of 3*l**5/10 + l**4/12 - 2*l**3/3 + 3*l**2/2 - 8*l. What is the units digit of w(2)?
7
Let l(d) = d**3 - 10*d**2 + 8*d + 23. What is the units digit of l(10)?
3
What is the tens digit of 10/(-4)*(-888)/30?
7
Suppose 4*h = 4*b + 144, 2*b + 2*b = -4*h + 176. What is the units digit of h?
0
Let h(v) = v + 8. Let p be h(-8). Suppose -c - 5*b + 22 = p, -35 + 1 = -c - b. What is the units digit of c?
7
Let g = 84 + -53. Suppose j - 4*t = 2*j + g, -2*j - 2*t - 38 = 0. What is the units digit of (j/(-12))/((-1)/(-4))?
5
Let d be (-11)/4*228/(-3). Suppose -5*x = -146 - d. Suppose 1 = -5*m + x. What is the units digit of m?
4
Let x = -49 + 92. Suppose 0 = -p - 3*t + 12, 5*p = 2*t + x + 34. Suppose -3*m + 0 = -p. What is the units digit of m?
5
What is the hundreds digit of (-8)/(192/(-2516)) + 1/6?
1
Suppose -k + 42 + 11 = 0. What is the units digit of k?
3
Let l be (-8)/(-48) - 478/(-12). Suppose -f - l = -5*f. What is the tens digit of f?
1
Let p(z) = -9*z - 1. Let x be p(-3). Suppose -x + 2 = -3*o. What is the units digit of o?
8
What is the tens digit of 1 + 1/((-4)/(-592)*4)?
3
Let k(s) = -6*s + 4. Let i(m) = 17*m - 11. Let q(c) = 3*i(c) + 8*k(c). What is the units digit of q(6)?
7
Suppose 6 = -4*d - 10. What is the units digit of 3/(-1) - d - -6?
7
Let k be (0 + 12)/((-3)/(-36)). Suppose -o + k = 3*o. Suppose 0 = -2*z - 3*t + 50 - 14, 3*t + o = 4*z. What is the tens digit of z?
1
Suppose 4*u = u + 36. Let z(a) = -a**2 + 7*a - 4. Let r be z(6). Suppose t - u = -r*t. What is the units digit of t?
4
What is the units digit of ((-1)/3)/(1/(-12))?
4
Suppose f - 59 = -20. What is the units digit of f?
9
Let y be 4/14 - (-24)/14. Let s = 6 - y. Suppose 10 = s*l - 26. What is the units digit of l?
9
Suppose -p = -5*f + 39, -3*p - 16 - 31 = -5*f. Let l(w) = -w**2 + 6*w + 10. Let h be l(f). Suppose -h*y + 3*i - 1 = -4, 10 = 2*i. What is the units digit of y?
6
Let y(m) = -49*m - 7. What is the units digit of y(-3)?
0
Let j = 107 + -62. What is the tens digit of j?
4
Suppose 0 = 5*v - v - 16. Suppose -1 = -v*x + 7. Suppose 10 = -x*d + 4*n, 10 = 4*d + n + n. What is the units digit of d?
1
Suppose 0 = -4*w + 37 - 9. Let l = w - 3. What is the units digit of l?
4
Suppose 19 = 5*x - 1. Suppose -7 + 3 = -x*g. Let d(h) = 10*h**2 + h. What is the units digit of d(g)?
1
What is the tens digit of 25 - (-4 - -4)/(-3)?
2
Let s(u) = u**2 + 4*u - 6. What is the units digit of s(5)?
9
Suppose 4*u + 2*x = -14, 2*x - 5 = 4*u + x. Let d be -14 + -1 - 1/(-1). What is the tens digit of ((-40)/(-28))/(u/d)?
1
Let i(f) = f**3 - 6*f**2 + 5*f + 4. Let w be i(5). Let d = w + -2. Suppose -2*u + 4 - 2 = -4*t, -4*u = d*t - 4. What is the units digit of u?
1
Let v(i) = 9*i**2 + 2*i + 3. What is the tens digit of v(-2)?
3
Let d(y) = y**2 - 2*y + 17. What is the units digit of d(6)?
1
What is the tens digit of (-16)/72 - 1*(-3928)/18?
1
What is the units digit of 71/2 - 6/(-12)?
6
Let r(g) = -g + 9. Let v be r(-12). Suppose 2*f = 3*f - v. What is the units digit of f?
1
Let l be (3 - (11 - 1))/1. Let y = l - -8. What is the tens digit of 14 - (y - 2)/1?
1
Suppose 2*j - 105 = -41. What is the tens digit of j?
3
Let t = -39 + 27. Let p = -5 - t. What is the units digit of p?
7
Let b = 14 - 6. What is the units digit of b?
8
Let g(b) = -b + 1. Let v(a) = -a - 4. Let d(x) = 2*g(x) - v(x). Let q be d(-7). Suppose q = 2*m - 7. What is the units digit of m?
0
Let y = 2 - -3. What is the units digit of 4 - (-2 + y)/1?
1
Let l(k) = -k**3 - 6*k**2 + 8*k - 2. Let c be l(-7). What is the units digit of (9 + c/(-3))/2?
6
Let w be -9*(-1)/(-3)*-1. Let z = w - 0. Let q = 11 - z. What is the units digit of q?
8
Suppose 5*c = 4*n + 26, -4*n + 4 = -4*c - 7*n. Suppose -c*p + 3 = -1. Suppose -8 = -5*q + p. What is the units digit of q?
2
Let n be 1 - 7*(3 + 38/(-14)). Let o(v) be the second derivative of -2*v**3 - v**2/2 + v. What is the units digit of o(n)?
1
Let m = 15 - 8. Let k = 11 - m. What is the units digit of k?
4
Let l = -20 - -13. Let f be -5*(1 - l/(-5)). Suppose 0 = f*w + 3*w - 55. What is the units digit of w?
1
Let p(v) = 2*v - 7. Let b be p(8). Let n be (12/b)/((-2)/(-3)). Suppose 5 + 7 = n*u. What is the units digit of u?
6
Let i(g) = 2*g**3 + 3*g**2 - g - 2. Let l be i(-2). Let r = -2 - l. What is the units digit of (r*(-6 + 3))/(-1)?
6
Let p be (-54)/(-10) + (-3)/(-5). Suppose d - 4*s - 29 = 0, -51 = -4*d + 2*s + s. What is the units digit of (-4)/p + 78/d?
8
Let b(q) = -q**3 - 6*q**2 + q + 6. Let x be b(-6). Suppose 0 = -x*n + 4*n - 76. What is the units digit of n?
9
Let w(f) = f**2 - 5*f - 3. Let b(h) = -h. Let l(s) = -3*b(s) + w(s). What is the units digit of l(4)?
5
Let 